 - -10) + -10)
-9
What is the value of (-12 - -4) + (-17 - -8) - -9 - -25?
17
Calculate 15 + -14 + -4 + 9.
6
28 + (5 - -13 - 29)
17
Calculate (10 + -15 - 18) + 11.
-12
Evaluate 0 - -9 - (-37 - -44) - -7.
9
What is 8 + 1 - (-9 + 8) - (-12 + 14)?
8
What is the value of (24 - 32) + 7 + -3 - -16?
12
What is the value of -11 - 0 - (-6 - -7 - 4) - 20?
-28
What is the value of -3 + (-9 - (-20 - -5))?
3
Calculate 18 + -14 + 6 - (-2 + 30).
-18
19 + -4 + (-42 - -9)
-18
-2 + 0 + 8 + (-10 - -6)
2
What is -7 + -15 + 9 + 6?
-7
Calculate 14 + (9 - 6) - ((11 - 5) + -2).
13
Evaluate -16 + -15 + -2 + (-2 - -7).
-28
Evaluate (24 + 8 - 26) + (-34 - -3).
-25
What is the value of 3 + 1 - (-547 + 573)?
-22
What is the value of 34 + (-8 - 17) + 3?
12
3 - (-1 + (-4 - 1 - -6) + 1)
2
Calculate 5 + (4 - 11 - 2 - -7) + -13.
-10
What is the value of 0 + (2 - 2) - (12 + -23 - -24)?
-13
What is the value of -11 + (0 - 10 - -9 - -6)?
-6
Calculate -17 + 32 + -17 + 15.
13
Calculate 15 + 6 + -1 + (-3 - 1).
16
Evaluate 0 + -7 + (-7 - (-33 - -11)) - -12.
20
Calculate 7 + 8 + -13 + -8 + -1.
-7
What is -10 + 6 + 19 + -12 - -13?
16
What is the value of -19 - (-20 - (-34 + 32))?
-1
What is the value of -4 - (-10 + (-8 - -4) + 9)?
1
Calculate 5 + -16 - (15 - 24).
-2
What is the value of -11 - (5 + -4 + 1 - (-2 - -8))?
-7
Evaluate (-10 - 0) + (-28 - (25 - 49)).
-14
What is the value of 1 + 1 - 5 - (-110 - -92)?
15
Calculate 8 + (40 + -31 - (3 - -28)).
-14
12 - (-5 - -25) - -3
-5
27 + -24 + 33 + (-17 - 1)
18
What is (45 - (33 + 2)) + -8 + 1?
3
Evaluate -23 - (17 + -45 + -9).
14
What is the value of (1 - (1 + -13)) + -14?
-1
What is -17 - (-55 - -15) - (2 - (3 - 9))?
15
-5 + -15 + (10 - (-41 + 2))
29
What is (21 - 4) + -37 + 14 + 30?
24
Calculate 12 - (20 - (2 + 11)).
5
What is the value of -13 - (17 + -35 - -11)?
-6
Evaluate (23 + -42 - -19) + -10.
-10
What is 37 + -17 + -4 + -9?
7
Calculate -17 + -4 + 9 + 6.
-6
Calculate -18 - (18 + -23) - -38.
25
What is the value of -5 + (28 - (2 + 18))?
3
255 + -284 + (3 - -5)
-21
What is 0 + 36 + -1 + 44 + 53 + -101?
31
What is -16 + (28 - 8) + -19?
-15
What is the value of -641 - -653 - (0 - -21)?
-9
What is the value of -50 - -77 - (0 + 19)?
8
What is the value of (-29 - -20) + 2 + 1 - -15 - -5?
14
Evaluate (-18 + 15 - -4) + -5.
-4
Evaluate (-3 - 3) + -14 + 16.
-4
Calculate 13 - (-15 - (-19 - 11)).
-2
What is -29 - (-3 - (40 + 5))?
19
What is -8 - (3 - (42 - 24))?
7
What is the value of (14 - -7) + -22 + -19?
-20
What is (-96 + 59 - -52) + -4 + (-2 - -1)?
10
(6 - (3 - -7 - -2)) + -1 + -1
-8
-10 + 1 + 6 + 2 + -8 + 1
-8
Calculate -14 - (-51 - (-7 + -18 + 11)).
23
Evaluate 7 + (5 - 17) - 6.
-11
What is 16 - (1 + -32 + 20)?
27
Calculate 5 + -51 - -30 - (-8 - -2 - 2).
-8
What is -20 + (8 + -9 - -20)?
-1
Calculate -19 + (-1 - -4 - 21) - -18.
-19
-9 - (0 - 1) - ((-58 - -84) + -26)
-8
24 - (48 + -42 + (1 - (1 + 1)))
19
Calculate (37 - (-1 - 1)) + 22 + (41 - 73).
29
What is (-5 - -1 - -5) + (-2 - (-2 - 0))?
1
What is the value of -14 - (14 + -9 - 21)?
2
What is the value of 18 - (32 + -10 - 2) - (1 + 0)?
-3
Evaluate (-3 - -6) + 2 + (-19 - (11 + -3)).
-22
What is 1 + -5 + 4 + -1 + -2?
-3
What is the value of 12 - (-1 + -5 + (-1 - -5))?
14
Evaluate -6 + 4 + 16 + -7 - 2.
5
What is the value of -30 + (44 - (11 - -34))?
-31
26 - -2 - (176 - 165)
17
-1 - 9 - (1296 + -1282)
-24
Calculate 17 - (-8 - (-3 + -7) - 0).
15
What is the value of -30 - ((-20 - -30) + 0 + -22)?
-18
-41 + (37 - (20 - -6))
-30
26 + -1 - (91 - 82) - 8
8
What is 2 - -15 - (-8 - (-6 + 0))?
19
3 - ((9 - -6) + 8 - 13)
-7
Calculate -35 - (3 - -5 - (3 - (11 + -26))).
-25
What is the value of 14 - (4 - ((7 - 10) + -2)) - -3?
8
-3 + 5 + 19 + (9 - (32 + -17))
15
What is (11 + -20 - -28) + (-13 - -1)?
7
-124 - -145 - (-2 + 2 + 9)
12
-1 + (-9 - 3 - -3)
-10
4 - (-8 + (1 - 2 - -13))
0
Calculate -2 - (1 + -3) - 9.
-9
Evaluate -20 - (7 + 1 + (-19 - -3) + -2).
-10
Calculate -3 - (-12 + 8 + 8).
-7
What is the value of 16 + -6 + (-18 - -12)?
4
What is the value of 17 + -24 + -11 - -35?
17
What is the value of 0 - 10 - -2 - (-54 + 19 + 29)?
-2
What is the value of 3 - 3 - ((4 - 10) + 15 - 6)?
-3
Evaluate 3 + -6 + -7 - (-20 + 18).
-8
What is -1 - (0 - (6 + (-5 - -2)))?
2
Evaluate 1 - 7 - (-1233 - -1255).
-28
-20 + -21 + 53 - (3 - (-33 - -3))
-21
What is the value of 2 - (8 + (-5 - (9 + 1)))?
9
What is 2 + 4 - -1 - (-12 - -21) - 3?
-5
What is 12 - (10 - -10 - 35)?
27
Evaluate (2 - -5) + 10 + -39.
-22
-40 + 6 - (-7 + 12 + 6 - 4)
-41
-6 - (0 + -1 + 11 + -19)
3
What is -2 + 1 - (27 + (22 - 33))?
-17
Evaluate -6 - (5 + (-3 + -4 - (-4 + 3))).
-5
What is the value of 8 + 4 + (-6 - -8) - 11?
3
What is the value of -49 + -9 - (-1 + -24)?
-33
What is -8 - (-3 + (17 - 31) + (9 - 1))?
1
What is the value of 28 + -2 + -35 - (7 - 1)?
-15
Calculate -11 - 3 - -19 - -5.
10
-5 - ((1 - -2) + (-4 - 1) + 3)
-6
What is 0 + 0 - 5 - ((25 - 18) + 4)?
-16
Calculate 17 - (6 + 18 - 18).
11
Calculate 2 + 3 + -2 - (-13 + 0 - -2).
14
30 + -16 + -1 + (-21 - 3)
-11
What is the value of 14 + -19 + 0 + -9 + (-1 - 5)?
-20
What is the value of -16 + (-25 - -34) - (0 - 2)?
-5
What is the value of 0 + 1 + -2 + 5 + -7 - 1?
-4
Calculate 25 + -20 + -17 + 17 - (0 + -3).
8
Calculate 12 + 5 + 0 + -13 + -3.
1
Calculate -54 + (3 - (2 - 22)).
-31
What is 9 + (14 - (-7 + 20)) - 16?
-6
7 + -4 + 14 - (3 - (0 + 5))
19
Calculate 7 - (1 - (6 + -1)) - (-5 - -5).
11
Evaluate -1 - -9 - (-2 + (15 - 15)).
10
Calculate (0 - 0) + 9 + (10 - 10 - 11).
-2
-4 - -16 - 11 - 12
-11
What is the value of -22 + 6 + -3 - (-9 - (2 + -4))?
-12
What is -20 + (-29 - -24 - -45)?
20
17 + -1 - (20 + -9)
5
6 - ((6 - 20) + 8 + 18)
-6
Calculate (2 - -2) + -2 + -1 - (25 - 33).
9
What is the value of 23 - (-4 + 8 - (11 + -13 - -8))?
25
(141 - 107) + (3 - 14)
23
Calculate -16 - (20 - (-12 + 44)).
-4
What is the value of 26 + (-3 - (-21 - -8)) + -17?
19
What is the value of (1 - -1) + (154 - 171)?
-15
Calculate 21 - 18 - (1 + 1 + -8 - 0).
9
What is (7 - (45 + -41)) + -2 + -1 + 0?
0
Evaluate -10 + 6 + -2 + 6.
0
-1 + 4 + 4 - -2
9
Evaluate (9 - 6 - (-1 + 1)) + 7.
10
What is -2 + -1 - (19 - (6 - (-7 + -8)))?
-1
What is (-1 - 13) + (-2 - 9 - (-37 - -23))?
-11
Evaluate -16 + (8 + 11 - 4) - -11.
10
What is 16 - (-11 - ((-5 - -9) + -23))?
8
27 + (7 - -23) + -76
-19
What is the value of -13 + (9 - (5 + -7))?
-2
Calculate -4 + (-4 - 1) + (-10 - -16).
-3
What is 9 - (-2 - -4 - (-11 - -26))?
22
Evaluate 7 + (-2 - 6) + (3 - -5) + -6.
1
Calculate 7 + (-11 - (-35 - -22)).
9
Evaluate -7 - ((-13 - -31) + -13).
-12
What is the value of (4 - -4 - 15) + 2 + 1 + -29?
-33
Evaluate -1 + 1 + -20 + (2 - (0 + -3)).
-15
12 - (-1 + -5 + 7 + 0 + 2)
9
What is the value of -8 - (-6 + (-23 - -15))?
6
Evaluate -3 + 15 - 16 - (8 - (4 - -27)).
19
What is the value of 1 + 118 + -103 + (0 - -1 - 7)?
10
2 - -1 - ((-21 - -6) + 10)
8
Calculate (6 - 1) + (5 - (-11 - -12)).
9
2 - (-11 - 2) - (-5 + -19 - -30)
9
(-12 - -8) + (1 - -3) + -2
-2
What is the value of 10 + -1 - (-5 - 18 - -21) - -2?
13
What is -32 - (-20 + (5 - 3))?
-14
(11 - -6) + (-20 - 1) + -1 + 22
17
Evaluate -5 - -8 - (-4 + 7 + -3).
3
What is the value of -1 - (-24 + 3) - (9 + -3 + 2)?
12
What is -48 + 14 + 21 - (-3 - (-1 + 0))?
-11
What is -13 - (-19 - -5) - -10?
11
5 - (3 + (4 - 4) + -2 + 17)
-13
Calculate (-26 - -40) + -10 - (-4 - 9).
17
(10 + -22 - -29) + -7 + -5
5
Calculate (4 - -1 - 1 - 1 - 6) + -7.
-10
Evaluate -9 - (-18 - (-11 + -18)).
-20
Evaluate -11 - (-1 - (-16 - -29)).
3
Evaluate -10 + 10 - 4 - 23.
-27
What is 5 + (-29 + 16 - -4)?
-4
What is the value of 5 - (17 + 13 + -20)?
-5
Calculate (0 + 6 - 11) + (-7 - (-1 + -8)).
-3
What is 6 - (-7 + 34 - 46)?
25
Evaluate (23 - (-1 + (14 - 4))) + -10.
4
Evaluate (-55 - -62) + -5 + 18.
20
-7 + (53 + -37 - (-3 - -3))
9
What is the value of 1020 + -1020 + (-1 - (0 + 13))?
-14
What is the value of (8 - ((-3 - -7) + 0)) + -3?
1
(62 - 6) + (-3 - 30)
23
Calculate (-12 - (-16 + (21 - 10))) + (-1 - 8).
-16
Calculate (-3 - (4 + -4 - 1)) + 7 + -1.
4
7 + -12 + 0 + 5 + 5
5
What is (-7 - 3) + (-13 - -7) + 11?
-5
Evaluate 1 + -10 + (525 - 529).
-13
Evaluate (-5 - -2 - -6) + -7 + 11 + -19.
-12
What is 3 - ((0 - 4) + 2) - -2?
7
Evaluate 4 + (-7 - (8 + (-23 - -5))) + -5.
2
Calculate 455 - 433 - (16 - -2).
4
19 + (7 - 17) + -10 - 4
-5